
13816213
What are the prime factors of 383306859?
3, 13, 43, 61, 1249
What are the prime factors of 262576859?
7867, 33377
List the prime factors of 32349626.
2, 353, 45821
What are the prime factors of 2548756?
2, 7, 227, 401
What are the prime factors of 262148353?
262148353
List the prime factors of 812160028.
2, 203040007
What are the prime factors of 158086007?
158086007
What are the prime factors of 647371031?
29, 22323139
List the prime factors of 171474728.
2, 21434341
List the prime factors of 24941250.
2, 3, 5, 739
List the prime factors of 225532170.
2, 3, 5, 563, 4451
What are the prime factors of 3038454981?
3, 271, 1245779
What are the prime factors of 224679991?
107, 593, 3541
List the prime factors of 333256578.
2, 3, 55542763
What are the prime factors of 2362856232?
2, 3, 11, 8950213
List the prime factors of 581294808.
2, 3, 8073539
What are the prime factors of 923316105?
3, 5, 41, 443, 3389
List the prime factors of 325763189.
19, 17145431
List the prime factors of 1800576513.
3, 787, 84737
List the prime factors of 449075622.
2, 3, 74845937
What are the prime factors of 350075682?
2, 3, 11, 151, 1301
List the prime factors of 53016963.
3, 139, 127139
List the prime factors of 1650713194.
2, 13, 63488969
What are the prime factors of 490949207?
7, 29, 59, 179, 229
What are the prime factors of 1117168553?
1117168553
List the prime factors of 176040609.
3, 5791, 10133
List the prime factors of 590482451.
13, 31, 41, 2749
What are the prime factors of 1967246597?
1967246597
What are the prime factors of 223106348?
2, 23, 2425069
List the prime factors of 1397155855.
5, 279431171
What are the prime factors of 579665709?
3, 7, 67, 191, 719
List the prime factors of 243880281.
3, 1439, 6277
What are the prime factors of 1351773476?
2, 31, 10901399
What are the prime factors of 45242572?
2, 19, 269, 2213
What are the prime factors of 8143272032?
2, 7, 457, 79549
What are the prime factors of 1884159935?
5, 7, 127, 423883
What are the prime factors of 388952706?
2, 3, 64825451
List the prime factors of 4354605796.
2, 71, 15333119
What are the prime factors of 68080236?
2, 3, 7, 251, 3229
List the prime factors of 3863560992.
2, 3, 71, 131, 4327
List the prime factors of 1599286864.
2, 7, 14279347
List the prime factors of 103069726.
2, 181, 284723
What are the prime factors of 8919221?
281, 31741
What are the prime factors of 12998894?
2, 877, 7411
What are the prime factors of 8033295?
3, 5, 19, 71, 397
What are the prime factors of 68389575?
3, 5, 911861
What are the prime factors of 169893507?
3, 7, 131, 61757
What are the prime factors of 28603307?
47, 608581
What are the prime factors of 2243864337?
3, 11, 13, 19, 23, 11969
What are the prime factors of 216384670?
2, 5, 17, 1272851
What are the prime factors of 1051184756?
2, 262796189
What are the prime factors of 82781610?
2, 3, 5, 2759387
What are the prime factors of 2365868832?
2, 3, 24644467
What are the prime factors of 841407593?
13, 719, 90019
List the prime factors of 3746544480.
2, 3, 5, 7, 137, 2713
What are the prime factors of 755485055?
5, 13, 37, 53, 5927
List the prime factors of 1385358.
2, 3, 13, 17761
List the prime factors of 613132863.
3, 7, 17, 101027
List the prime factors of 366339783.
3, 17, 173, 41521
List the prime factors of 10132940.
2, 5, 506647
What are the prime factors of 44111498?
2, 17, 1297397
List the prime factors of 49335585.
3, 5, 13, 253003
List the prime factors of 4650785.
5, 930157
List the prime factors of 35614707.
3, 43, 276083
List the prime factors of 130844529.
3, 17, 743, 1151
List the prime factors of 1296059996.
2, 7, 11, 19, 29, 1091
List the prime factors of 767244170.
2, 5, 7, 11, 17, 58613
List the prime factors of 355099119.
3, 4273, 27701
List the prime factors of 1717985251.
229, 7502119
What are the prime factors of 796280797?
13, 61252369
List the prime factors of 2240510619.
3, 67, 11146819
List the prime factors of 503069040.
2, 3, 5, 43, 16249
List the prime factors of 129317116.
2, 19, 41, 47, 883
What are the prime factors of 107443360?
2, 5, 659, 1019
What are the prime factors of 372225972?
2, 3, 251, 123581
What are the prime factors of 500675716?
2, 811, 154339
List the prime factors of 3049694698.
2, 1524847349
List the prime factors of 32037187.
7, 13, 352057
List the prime factors of 79140444.
2, 3, 6595037
List the prime factors of 30990539.
19, 131, 12451
List the prime factors of 45629293.
811, 56263
What are the prime factors of 127583331?
3, 863, 49279
What are the prime factors of 1069535921?
29, 73, 505213
List the prime factors of 49313292.
2, 3, 7, 587063
What are the prime factors of 80803645?
5, 13, 1243133
What are the prime factors of 649534211?
11701, 55511
List the prime factors of 141985920.
2, 3, 5, 73951
What are the prime factors of 158056672?
2, 4939271
What are the prime factors of 20005292?
2, 31, 161333
List the prime factors of 325094903.
7, 23, 2019223
List the prime factors of 79853752.
2, 11, 43, 47, 449
List the prime factors of 45415962.
2, 3, 127, 19867
What are the prime factors of 694610426?
2, 409, 421, 2017
What are the prime factors of 403320823?
403320823
What are the prime factors of 308546471?
2137, 144383
List the prime factors of 1644797385.
3, 5, 7, 11, 479, 991
What are the prime factors of 1358585878?
2, 13, 52253303
List the prime factors of 91254976.
2, 53, 26903
List the prime factors of 73461119.
3259, 22541
List the prime factors of 507972290.
2, 5, 7, 113, 149, 431
What are the prime factors of 2433353485?
5, 41, 11870017
What are the prime factors of 51469860?
2, 3, 5, 13, 19, 23, 151
What are the prime factors of 1132834323?
3, 71, 5318471
List the prime factors of 31470450.
2, 3, 5, 11, 19073
What are the prime factors of 42892054?
2, 17, 1261531
List the prime factors of 5528203558.
2, 19, 145479041
List the prime factors of 370182071.
7, 29, 41, 79, 563
What are the prime factors of 4089677778?
2, 3, 61, 3724661
List the prime factors of 54614668.
2, 109, 229, 547
What are the prime factors of 53471598?
2, 3, 8911933
What are the prime factors of 29461720?
2, 5, 277, 2659
What are the prime factors of 60018780?
2, 3, 5, 1000313
What are the prime factors of 62184067?
11, 5653097
What are the prime factors of 875625277?
875625277
List the prime factors of 8363296.
2, 261353
List the prime factors of 101958571.
11, 13, 17, 41941
List the prime factors of 5117826.
2, 3, 7, 121853
List the prime factors of 302147995.
5, 60429599
What are the prime factors of 47555001?
3, 13, 17, 23909
What are the prime factors of 46294756?
2, 2729, 4241
List the prime factors of 23185712.
2, 11, 103, 1279
List the prime factors of 1866670399.
11, 739, 229631
List the prime factors of 3166736075.
5, 43, 68507
What are the prime factors of 145984350?
2, 3, 5, 47, 20707
List the prime factors of 34723188.
2, 3, 43, 7477
What are the prime factors of 35234358?
2, 3, 1741, 3373
List the prime factors of 3551081825.
5, 6703, 21191
What are the prime factors of 2139106674?
2, 3, 23, 101, 167, 919
What are the prime factors of 3044929377?
3, 7, 144996637
List the prime factors of 7805089693.
89, 87697637
List the prime factors of 43111106.
2, 21555553
List the prime factors of 401318003.
97, 4137299
What are the prime factors of 197499266?
2, 37, 2668909
What are the prime factors of 4332014705?
5, 1489, 581869
List the prime factors of 1529570085.
3, 5, 103, 990013
List the prime factors of 17896304.
2, 1118519
List the prime factors of 482801657.
13, 29, 31, 109, 379
What are the prime factors of 1936413950?
2, 5, 1063, 36433
What are the prime factors of 286038958?
2, 19, 7527341
List the prime factors of 43515608.
2, 47, 115733
What are the prime factors of 72133463?
72133463
List the prime factors of 710522446.
2, 17, 29, 720611
What are the prime factors of 679796394?
2, 3, 83, 839, 1627
What are the prime factors of 317551514?
2, 7, 53, 427967
List the prime factors of 213570537.
3, 83, 857713
What are the prime factors of 242190810?
2, 3, 5, 99667
What are the prime factors of 7782911570?
2, 5, 7, 15883493
List the prime factors of 1418650299.
3, 11, 89, 161009
What are the prime factors of 21747379?
37, 43, 13669
What are the prime factors of 4109450016?
2, 3, 